18293 composite?
True
Is 100279 a composite number?
False
Is 2203 composite?
False
Is 9287 a composite number?
True
Is 477259 composite?
False
Is 2437 a prime number?
True
Is 63577 a composite number?
False
Is 134327 prime?
True
Is 20849 a composite number?
False
Is 270617 composite?
True
Is 8251 prime?
False
Is 209497 prime?
True
Is 8857 a composite number?
True
Is 14401 a composite number?
False
Is 4967 prime?
True
Is 7499 a prime number?
True
Is 2394673 composite?
False
Is 30403 a prime number?
True
Is 14347 prime?
True
Is 341863 a composite number?
False
Is 519283 prime?
True
Is 48857 composite?
False
Is 63913 a prime number?
True
Is 188437 a composite number?
False
Is 799 composite?
True
Is 26834 a composite number?
True
Is 130223 a composite number?
False
Is 830269 a composite number?
True
Is 92077 a prime number?
True
Is 10349 prime?
False
Is 33407 composite?
True
Is 1361 composite?
False
Is 66227 prime?
False
Is 83 composite?
False
Is 159977 a composite number?
False
Is 209131 a prime number?
False
Is 151269 a prime number?
False
Is 19687 composite?
False
Is 2526023 composite?
False
Is 169555 a prime number?
False
Is 47737 prime?
True
Is 1792663 prime?
True
Is 58961 composite?
True
Is 2459 a composite number?
False
Is 9055 a composite number?
True
Is 624917 composite?
False
Is 21163 composite?
False
Is 682505 a composite number?
True
Is 4283 a composite number?
False
Is 46381 a composite number?
False
Is 22051 composite?
False
Is 8401573 a composite number?
False
Is 469 composite?
True
Is 47877 prime?
False
Is 18647 a prime number?
False
Is 9351805 a composite number?
True
Is 984754 prime?
False
Is 20341 a composite number?
False
Is 125393 a composite number?
True
Is 26447 a composite number?
True
Is 229373 a composite number?
False
Is 122833 prime?
True
Is 2506099 a composite number?
False
Is 28837 composite?
False
Is 165067 a composite number?
True
Is 284311 prime?
True
Is 1386647 a prime number?
False
Is 14159 a prime number?
True
Is 204407 a composite number?
True
Is 230891 prime?
True
Is 114143 a prime number?
True
Is 69679 prime?
False
Is 16129 a prime number?
False
Is 49991 a prime number?
True
Is 335261 a composite number?
False
Is 4583 prime?
True
Is 10243 a prime number?
True
Is 1093871 composite?
False
Is 59141 composite?
False
Is 68755 composite?
True
Is 320081 composite?
False
Is 375055 a prime number?
False
Is 1116593 a prime number?
True
Is 2807 a composite number?
True
Is 50261 composite?
False
Is 878 prime?
False
Is 328271 a prime number?
True
Is 3491 a prime number?
True
Is 31637 a composite number?
True
Is 4197 prime?
False
Is 221 prime?
False
Is 199481 a prime number?
False
Is 38953 a composite number?
False
Is 108809 a prime number?
False
Is 506019 a prime number?
False
Is 213842 a prime number?
False
Is 25339 a prime number?
True
Is 3227 prime?
False
Is 55849 composite?
False
Is 276695 composite?
True
Is 25963 a composite number?
True
Is 24343 prime?
False
Is 1189105 a composite number?
True
Is 15901 a composite number?
False
Is 495761 a prime number?
False
Is 26737 prime?
True
Is 220147 a prime number?
True
Is 150107 prime?
True
Is 4169 a prime number?
False
Is 3463 a prime number?
True
Is 12611 prime?
True
Is 1087 a composite number?
False
Is 2302 prime?
False
Is 885757 a prime number?
False
Is 28617 a prime number?
False
Is 35339 a composite number?
False
Is 91229 composite?
False
Is 68131 a prime number?
False
Is 4417 prime?
False
Is 17831 composite?
True
Is 217901 composite?
False
Is 18553 a prime number?
True
Is 23813 prime?
True
Is 95311 a composite number?
False
Is 24721 a composite number?
True
Is 358703 a prime number?
True
Is 9673 composite?
True
Is 38633 a composite number?
True
Is 8882 a prime number?
False
Is 86837 a prime number?
True
Is 36289 composite?
True
Is 165587 a composite number?
False
Is 597551 composite?
False
Is 37285 prime?
False
Is 22817 a composite number?
False
Is 23183 prime?
False
Is 189103 a prime number?
False
Is 136727 prime?
True
Is 39037 a prime number?
False
Is 329533 composite?
False
Is 78443 prime?
False
Is 1433437 composite?
False
Is 122101 a composite number?
True
Is 74389 composite?
True
Is 12889 prime?
True
Is 3129799 composite?
False
Is 483317 a composite number?
False
Is 60133 prime?
True
Is 7789 composite?
False
Is 32711 prime?
False
Is 7717 composite?
False
Is 1397 a prime number?
False
Is 12229 a prime number?
False
Is 1051139 a composite number?
False
Is 20949 composite?
True
Is 146581 a prime number?
True
Is 85639 prime?
True
Is 66239 composite?
False
Is 271345 composite?
True
Is 118631 a prime number?
False
Is 291355 prime?
False
Is 17341 a composite number?
False
Is 3599599 a prime number?
False
Is 85103 a composite number?
False
Is 138643 composite?
True
Is 310699 prime?
False
Is 3421 composite?
True
Is 443093 a prime number?
False
Is 56369 a composite number?
False
Is 4229 prime?
True
Is 6247 composite?
False
Is 73833 a prime number?
False
Is 249127 composite?
False
Is 20269 prime?
True
Is 156363 a composite number?
True
Is 117011 composite?
True
Is 14137 a prime number?
False
Is 297519 prime?
False
Is 1865321 a prime number?
True
Is 33311 a prime number?
True
Is 713333 a composite number?
True
Is 8331 composite?
True
Is 490427 a composite number?
True
Is 23189 a composite number?
False
Is 614463 a prime number?
False
Is 10903 a prime number?
True
Is 4677065 a composite number?
True
Is 2581 a prime number?
False
Is 1287817 a prime number?
True
Is 15557 prime?
False
Is 359621 prime?
True
Is 3061 composite?
False
Is 222581 prime?
False
Is 303187 composite?
False
Is 2003 a composite number?
False
Is 7262 composite?
True
Is 47791 a prime number?
True
Is 896167 prime?
True
Is 18731 a composite number?
False
Is 4271 a prime number?
True
Is 6067 prime?
True
Is 53945 a composite number?
True
Is 3849 a prime number?
False
Is 503 a prime number?
True
Is 77611 composite?
False
Is 114547 a prime number?
True
Is 9599 a composite number?
True
Is 3568399 a composite number?
False
Is 243367 a prime number?
True
Is 13641 a composite number?
True
Is 48385 a prime number?
False
Is 7447 composite?
True
Is 35177 composite?
True
Is 529699 prime?
False
Is 904841 a prime number?
False
Is 46261 composite?
False
Is 6973 a composite number?
True
Is 5779 composite?
False
Is 42853 a prime number?
True
Is 49963 composite?
True
Is 28901 prime?
True
Is 508663 prime?
False
Is 100733 composite?
False
Is 64417 a composite number?
True
Is 24431 a composite number?
True
Is 47699 a prime number?
True
Is 219335 a composite number?
True
Is 95383 a composite number?
False
Is 1003 prime?
False
Is 203207 composite?
False
Is 8135 composite?
True
Is 293 composite?
False
Is 452983 a prime number?
True
Is 379811 a prime number?
True
Is 4729 a prime number?
True
Is 21133 prime?
False
Is 388789 composite?
False
Is 34253 a composite number?
False
Is 3979 prime?
False
Is 471 a composite number?
True
Is 59335 a prime number?
False
Is 552283 a prime number?
True
Is 34753 prime?
False
Is 17291 prime?
True
Is 147047 a prime number?
True
Is 16493 a composite number?
False
Is 5113 a composite number?
False
Is 2579 a composite number?
False
Is 10779 composite?
True
Is 180673 a composite number?
True
Is 2957 composite?
False
Is 43913 prime?
True
Is 152498 a composite number?
True
Is 481549 a prime number?
True
Is 7639 composite?
False
Is 352789 prime?
False
Is 6079 prime?
True
Is 28969 prime?
False
Is 30389 composite?
False
Is 9601 a prime number?
True
Is 1004999 composite?
True
Is 3787 prime?
False
Is 1417853 a composite number?
True
Is 13463 a composite number?
False
Is 4493 prime?
True
Is 585383 a prime number?
True
Is 9791 a prime number?
True
Is 130729 composite?
False
Is 23189 a composite number?
False
Is 17897 a composite number?
True
Is 208433 prime?
True
Is 10037 prime?
True
Is 24859 composite?
False
Is 29167 a composite number?
False
Is 23969 a composite number?
True
Is 4591 composite?
False
Is 2503 a composite number?
False
Is 217619 a prime number?
True
Is 22354 composite?
True
Is 25523 a composite number?
False
Is 21647 prime?
True
Is 61403 composite?
False
Is 17209 composite?
False
Is 78497 prime?
True
Is 473 a prime number?
False
Is 1200593 prime?
False
Is 1282981 a prime number?
False
Is 28751 pr